3. What is i(-5)?
-232
Let f(y) = y**2 - 10*y - 294. What is f(22)?
-30
Let b(u) = -1838*u**2 + 12863*u + 32. Calculate b(7).
11
Let d(j) = -63*j - 777. Determine d(-13).
42
Let i(t) = -6*t**2 + 101*t + 22. Determine i(16).
102
Let i(w) = -14*w**2 + 148*w + 215. Give i(12).
-25
Let h(q) = -33*q - 185. What is h(-5)?
-20
Let a(j) = -j**3 + 16*j**2 + 35*j - 14. Give a(18).
-32
Let g(x) = 32*x**3 + 202*x**2 + 63*x + 25. Determine g(-6).
7
Let l(f) = -6*f**2 + 6*f + 28. Give l(0).
28
Let k(o) = -97*o + 67. Give k(3).
-224
Let x(k) = -5*k - 465. Calculate x(-88).
-25
Let o(i) = i**3 + 7*i**2 + 11*i - 28. Determine o(0).
-28
Let s(q) = q**3 - 2*q**2 - 3387*q + 13520. Calculate s(4).
4
Let b(u) = 3*u**3 + 4*u**2 - u + 8. Determine b(2).
46
Let p(h) = -2*h**3 - 46*h**2 + 47*h - 82. Determine p(-24).
-58
Let k(q) = -6*q**2 - 59*q - 256. Determine k(-5).
-111
Let q(k) = k**3 - 43*k**2 - 216*k - 1136. What is q(48)?
16
Let t(f) = -9*f**3 - 3*f**2 - 5*f - 9. What is t(0)?
-9
Let n(v) = 2*v**3 - 32*v**2 + 32*v - 54. Determine n(15).
-24
Let o(i) = i**3 + 8*i**2 + 18*i + 13. Calculate o(-7).
-64
Let i(p) = 97*p - 480. Give i(5).
5
Let o(b) = 650*b - 35110. Determine o(54).
-10
Let g(f) = 79*f - 9542. Calculate g(121).
17
Let c(r) = r**3 - 25*r**2 + 25*r - 17. What is c(24)?
7
Let l(b) = 2*b**3 - 12*b**2 - 5*b + 18. Calculate l(1).
3
Let u(p) = -p**3 - 6*p**2 + 11*p - 5. What is u(0)?
-5
Let h(b) = b**3 + 20*b**2 + 78*b + 37. Determine h(-15).
-8
Let j(u) = 233*u - 927. What is j(4)?
5
Let t(n) = 35*n - 46. Determine t(14).
444
Let f(z) = 2*z**2 - 98*z + 1180. Calculate f(20).
20
Let b(f) = 3*f**3 - 36*f**2 - 39*f - 1. What is b(13)?
-1
Let w(l) = 26*l + 1337. What is w(-52)?
-15
Let z(a) = 29*a - 448. Determine z(6).
-274
Let s(h) = 46*h**2 + h + 604. Calculate s(0).
604
Let z(a) = a**3 - a**2 - 14*a + 1. Calculate z(8).
337
Let g(c) = -33*c + 403. Determine g(14).
-59
Let k(l) = -l**3 - 52*l**2 - 512*l - 76. Calculate k(-39).
119
Let n(k) = -5*k**3 - 46*k**2 - 49*k - 12. Calculate n(-8).
-4
Let l(t) = -20*t**3 - 339*t**2 + 20*t - 39. Calculate l(-17).
-90
Let s(u) = 282*u + 6498. What is s(-23)?
12
Let i(r) = r**3 - 19*r**2 + 60*r + 19. Calculate i(15).
19
Let a(u) = 239*u - 25570. Give a(107).
3
Let j(i) = -i**3 - 19*i**2 - 50*i - 6. What is j(-6)?
-174
Let i(s) = -s**3 + 36*s**2 + 291*s + 55. Give i(43).
-375
Let q(n) = -2*n**3 - n**2 - 3*n - 3. Give q(-2).
15
Let i(p) = p**3 + 236*p**2 + 3522*p + 452. Give i(-220).
12
Let t(k) = -2000*k**2 - 22002*k - 29. Give t(-11).
-7
Let h(q) = -q**2 + 29*q + 2585. What is h(69)?
-175
Let n(f) = -f**3 + 274*f**2 - 9*f + 2447. Calculate n(274).
-19
Let w(z) = -z**3 + 49*z**2 - 129*z - 417. Calculate w(46).
-3
Let m(i) = -4*i**2 - 339*i - 1896. Calculate m(-6).
-6
Let u(s) = -s**3 - 6*s**2 - 7*s - 193. Calculate u(-8).
-9
Let x(u) = u**2 + 35*u - 472. What is x(10)?
-22
Let c(v) = v**2 - 130*v - 123. Give c(-1).
8
Let g(p) = 129*p + 2141. What is g(-17)?
-52
Let k(f) = 67*f - 8840. Calculate k(132).
4
Let x(u) = 2*u**3 - 35*u**2 - 59*u + 46. Determine x(19).
8
Let n(b) = -b**2 + 227*b + 1892. Determine n(-8).
12
Let z(m) = 3*m**3 + 2*m**2 - 15*m - 10. Determine z(-4).
-110
Let t(n) = -n**2 + 42*n + 5961. What is t(-59)?
2
Let t(l) = -l**2 - 18*l + 78. What is t(10)?
-202
Let x(p) = p**3 + 42*p**2 + 48*p + 195. Give x(-41).
-92
Let g(k) = 153*k + 2934. Determine g(-18).
180
Let o(v) = 2*v**3 - 4*v**2 + 6. Give o(5).
156
Let o(q) = -q**2 - 11*q + 21988. Give o(143).
-34
Let o(b) = 2423*b - 3. Give o(0).
-3
Let z(q) = -1332*q - 23972. Calculate z(-18).
4
Let c(r) = -r**3 + 19*r**2 + 46*r - 17. Give c(21).
67
Let y(a) = -a**2 - 18*a + 56. Give y(-21).
-7
Let m(c) = -52*c**2 + 2598*c + 42. What is m(50)?
-58
Let k(v) = 17*v**2 - 30*v + 3. What is k(3)?
66
Let m(g) = -1436*g - 7176. Calculate m(-5).
4
Let m(y) = y**2 + 23*y + 130. Calculate m(-15).
10
Let g(s) = 3340*s - 116882. Determine g(35).
18
Let r(c) = -c**2 - 29*c + 159. Determine r(-15).
369
Let m(f) = -64*f + 46. Determine m(1).
-18
Let j(p) = 37053*p - 111163. What is j(3)?
-4
Let d(j) = -j**2 + 56*j - 166. What is d(53)?
-7
Let i(z) = 8*z - 21. Calculate i(-3).
-45
Let h(r) = -r**3 - 27*r**2 + 56*r - 17. Calculate h(-29).
41
Let q(h) = h - 101. Determine q(26).
-75
Let k(s) = 2*s**2 - 14*s + 2. Calculate k(5).
-18
Let i(d) = 9420*d + 113031. Determine i(-12).
-9
Let c(m) = 114*m + 54. What is c(-3)?
-288
Let b(p) = 16*p + 15. What is b(-1)?
-1
Let u(g) = -g**2 - 5910*g + 53270. What is u(9)?
-1
Let h(c) = 1639*c + 1643. Calculate h(-1).
4
Let s(l) = -25*l + 2904. What is s(112)?
104
Let l(r) = 138*r + 323. Determine l(-2).
47
Let g(z) = 11*z**2 - 43*z - 152. Determine g(6).
-14
Let q(o) = 6*o + 129. Calculate q(-30).
-51
Let t(f) = -f**3 - 28*f**2 + 248*f + 126. Give t(-35).
21
Let m(y) = -2*y**2 + 50*y + 76. Determine m(27).
-32
Let i(y) = -5*y**2 + 2*y + 42. Calculate i(9).
-345
Let a(p) = -6*p**3 - 374*p**2 - 111*p + 800. Determine a(-62).
-6
Let x(y) = -11*y**3 + 4*y**2 + 5*y - 7. Calculate x(1).
-9
Let c(i) = 3*i**3 - 49*i**2 + 20*i + 24. Calculate c(16).
88
Let w(f) = 3734*f - 7453. Calculate w(2).
15
Let d(l) = 731*l + 5849. Calculate d(-8).
1
Let w(g) = 2*g**2 - 19*g - 65. Give w(-7).
166
Let d(w) = -w**3 + 141*w**2 + 872*w - 24. What is d(-6)?
36
Let t(i) = 2*i**2 - 70*i + 587. Give t(20).
-13
Let j(b) = b**3 + 23*b**2 + 95*b + 61. Determine j(-18).
-29
Let g(o) = -6*o**3 - 87*o**2 + 46*o + 33. What is g(-15)?
18
Let t(y) = -y**2 - 823*y + 11720. Determine t(14).
2
Let c(a) = -234*a + 3980. Calculate c(17).
2
Let i(o) = -5*o - 50. What is i(-15)?
25
Let c(i) = -2684*i - 5370. What is c(-2)?
-2
Let n(w) = -w**3 + 23*w**2 + 24*w - 13. Calculate n(24).
-13
Let c(w) = -w**2 - 22*w - 36. What is c(-16)?
60
Let y(s) = 296*s**3 - 2*s**2 - s + 4. Determine y(1).
297
Let n(w) = 90*w + 184. What is n(-5)?
-266
Let s(o) = -10*o - 62. Calculate s(13).
-192
Let x(d) = -d**2 + 34*d + 4747. Give x(-54).
-5
Let p(a) = -2*a**2 - 20*a + 55. Determine p(3).
-23
Let v(q) = 5*q**2 + 82*q - 1139. Calculate v(9).
4
Let x(h) = -h**3 - 27*h**2 - 52*h + 2. Determine x(-25).
52
Let c(z) = -49*z + 3942. Calculate c(88).
-370
Let z(q) = 39*q**2 + 959*q - 1435. Give z(-26).
-5
Let x(a) = -1596*a - 27. Determine x(0).
-27
Let a(s) = -s**2 + 8*s + 72. Give a(19).
-137
Let w(d) = -d**3 + 24*d**2 - 79*d + 47. Give w(20).
67
Let z(d) = 4371*d - 419617. Determine z(96).
-1
Let z(k) = 2*k**2 - 926*k - 8450. What is z(-9)?
46
Let d(m) = 288*m**2 - 6914*m + 29. Determine d(24).
-19
Let u(j) = -j**3 + 4*j**2 - 7*j + 197. Calculate u(7).
1
Let b(u) = -22*u - 1886. Determine b(-86).
6
Let r(d) = 3*d**3 + 6*d**2 - 52*d - 219. Determine r(-4).
-107
Let v(b) = -10*b**2 + 21*b - 102. Give v(5).
-247
Let g(o) = -12*o + 75. What is g(11)?
-57
Let t(o) = -o**2 + 164*o + 1199. What is t(-7)?
2
Let i(p) = -493*p - 5. Determine i(0).
-5
Let i(t) = t**3 + 48*t**2 + 90*t + 2016. What is i(-47)?
-5
Let b(q) = q**3 + 117*q**2 - 90*q + 3331. Determine b(-118).
27
Let s(k) = -k**3 - 109*k**2 - 1638*k - 5. Calculate s(-91).
-5
Let a(w) = -30*w + 146. Determine a(7).
-64
Let b(f) = -f**3 - 14*f**2 - 25*f + 15. Determine b(-12).
27
Let z(t) = -11*t**2 + 289*t - 988. Calculate z(22).
46
Let g(a) = 6*a**2 - 2*a + 1. Determine g(2).
21
Let w(k) = 14*k**2 + 13*k + 28. What is w(-4)?
200
Let z(y) = 2*y**2 - 29*y - 201. Determine z(25).
324
Let j(z) = -14*z**3 - 11*z**2 + 28*z + 8. Give j(3).
-385
Let p(d) = -30*d - 1814. Calculate p(-61).
16
Let u(l) = -206*l**2 + 3497*l + 24. What is u(17)?
-61
Let a(c) = -4*c**2 + 3091*c + 9301. Calculate a(-3).
-8
Let x(k) = k**3 + 13*k**2 - 154*k - 12. Give x(-20).
268
Let g(m) = m**3 + 4*m**2 - 183*m + 30. Give g(13).
524
Let c(q) = -167*q**3 - 5*q**2 + 3. Give c(-1).
165
Let r(s) = 59*s - 76. Give r(-1).
-135
Let w(y) = 62*y - 691. Give w(11).
-9
Let b(c) = 26*c**2 - 10*c - 5. Calculate b(0).
-5
Let y(d) = -d**2 - 65*d + 656. Give y(9).
-10
Let n(g) = -96*g - 3262. Give n(-34).
2
Let d(a) = -a**3 + 2*a**2 - 192*a - 571. Calculate d(-3).
50
Let t(m) = 49*m**2 - 252*m + 30. Give t(5).
-5
Let g(u) = -42*u**2 - 117*u + 123. What is g(1)?
-36
Let v(r) = -5*r**3 - 50*r**2 + 36*r - 213. Calculate v(-11).
-4
Let a(c) = -c**2 + 15*c - 82. Calculate a(12).
-46
Let t(r) = 46*r - 1884.